9
What is the hundred thousands digit of 22053537?
0
What is the tens digit of 1836180236?
3
What is the thousands digit of 898645825?
5
What is the ten thousands digit of 113948913?
4
What is the millions digit of 92350007?
2
What is the hundreds digit of 421164274?
2
What is the tens digit of 438340313?
1
What is the hundred thousands digit of 129581641?
5
What is the ten millions digit of 2542662682?
4
What is the ten millions digit of 306309165?
0
What is the units digit of 2205865387?
7
What is the hundred thousands digit of 4355547291?
5
What is the ten thousands digit of 137641359?
4
What is the tens digit of 281609511?
1
What is the hundreds digit of 67793979?
9
What is the hundred thousands digit of 36513155?
5
What is the thousands digit of 75329063?
9
What is the units digit of 70740972?
2
What is the ten thousands digit of 1969814254?
1
What is the units digit of 143844691?
1
What is the tens digit of 19295522?
2
What is the ten thousands digit of 32806946?
0
What is the ten thousands digit of 124009933?
0
What is the hundreds digit of 60125747?
7
What is the thousands digit of 1208132526?
2
What is the hundred thousands digit of 285614887?
6
What is the ten millions digit of 1895156912?
9
What is the millions digit of 326547144?
6
What is the hundreds digit of 3425176?
1
What is the hundreds digit of 206929220?
2
What is the millions digit of 1170136013?
0
What is the units digit of 79725216?
6
What is the millions digit of 85998508?
5
What is the hundred millions digit of 4248256897?
2
What is the units digit of 417832090?
0
What is the units digit of 115576928?
8
What is the tens digit of 2616281987?
8
What is the hundreds digit of 789414156?
1
What is the hundred millions digit of 3712352514?
7
What is the hundred thousands digit of 7898344759?
3
What is the hundred millions digit of 9908584744?
9
What is the ten millions digit of 46185350?
4
What is the ten millions digit of 3045977975?
4
What is the ten millions digit of 89004285?
8
What is the millions digit of 44213481?
4
What is the units digit of 25187032?
2
What is the hundred thousands digit of 405644887?
6
What is the thousands digit of 138216044?
6
What is the units digit of 980954910?
0
What is the millions digit of 16174203?
6
What is the hundreds digit of 33256981?
9
What is the hundreds digit of 305695107?
1
What is the tens digit of 737577778?
7
What is the tens digit of 9192437?
3
What is the tens digit of 836137933?
3
What is the thousands digit of 72679677?
9
What is the ten thousands digit of 496922390?
2
What is the hundreds digit of 554219230?
2
What is the tens digit of 227644816?
1
What is the ten millions digit of 66070680?
6
What is the ten thousands digit of 263537811?
3
What is the tens digit of 4866763641?
4
What is the tens digit of 98687355?
5
What is the hundreds digit of 3257838258?
2
What is the millions digit of 60906334?
0
What is the ten thousands digit of 2290261000?
6
What is the millions digit of 24270830?
4
What is the units digit of 3152391859?
9
What is the tens digit of 1393828722?
2
What is the hundred thousands digit of 254336683?
3
What is the units digit of 118004201?
1
What is the tens digit of 799021734?
3
What is the ten thousands digit of 1798622505?
2
What is the millions digit of 591519233?
1
What is the thousands digit of 252624284?
4
What is the hundreds digit of 408629096?
0
What is the hundred thousands digit of 1579197144?
1
What is the billions digit of 1314461342?
1
What is the hundreds digit of 746556700?
7
What is the hundreds digit of 128768278?
2
What is the units digit of 460879730?
0
What is the ten millions digit of 75369068?
7
What is the millions digit of 414301615?
4
What is the millions digit of 602098799?
2
What is the hundreds digit of 74784668?
6
What is the hundreds digit of 1547518454?
4
What is the millions digit of 34502075?
4
What is the tens digit of 133836403?
0
What is the millions digit of 737285176?
7
What is the thousands digit of 53916504?
6
What is the thousands digit of 25659438?
9
What is the millions digit of 35908892?
5
What is the hundred millions digit of 4386912866?
3
What is the ten thousands digit of 5670781?
7
What is the millions digit of 33952463?
3
What is the hundred millions digit of 153737730?
1
What is the ten thousands digit of 20504543?
0
What is the billions digit of 1733320770?
1
What is the millions digit of 104565885?
4
What is the thousands digit of 49078245?
8
What is the hundred thousands digit of 16003910?
0
What is the units digit of 1469828841?
1
What is the hundreds digit of 28291052?
0
What is the tens digit of 3180721110?
1
What is the ten thousands digit of 60406590?
0
What is the units digit of 65025313?
3
What is the ten thousands digit of 3021911821?
1
What is the thousands digit of 100313701?
3
What is the millions digit of 286139113?
6
What is the ten millions digit of 4428862232?
2
What is the ten millions digit of 281538467?
8
What is the billions digit of 1111919276?
1
What is the thousands digit of 1437514567?
4
What is the millions digit of 10744113?
0
What is the tens digit of 858292119?
1
What is the hundred millions digit of 1785301783?
7
What is the hundred millions digit of 151305497?
1
What is the ten thousands digit of 725075753?
7
What is the ten thousands digit of 3391679616?
7
What is the hundreds digit of 2968935641?
6
What is the hundred thousands digit of 397515257?
5
What is the hundreds digit of 282961577?
5
What is the hundred thousands digit of 537007201?
0
What is the thousands digit of 1623948318?
8
What is the ten millions digit of 32841331?
3
What is the thousands digit of 2295996095?
6
What is the millions digit of 195561356?
5
What is the hundred thousands digit of 198657804?
6
What is the thousands digit of 1001736334?
6
What is the hundred thousands digit of 14421920?
4
What is the thousands digit of 45228150?
8
What is the ten thousands digit of 1943842137?
4
What is the units digit of 19293812?
2
What is the hundred thousands digit of 6656741634?
7
What is the hundred millions digit of 122619469?
1
What is the tens digit of 40832642?
4
What is the thousands digit of 171116254?
6
What is the hundreds digit of 219390172?
1
What is the hundreds digit of 367691374?
3
What is the hundreds digit of 37902541?
5
What is the ten millions digit of 282639814?
8
What is the ten thousands digit of 46815233?
1
What is the ten thousands digit of 148942950?
4
What is the tens digit of 75302529?
2
What is the units digit of 31591788?
8
What is the thousands digit of 1795558231?
8
What is the billions digit of 4693435342?
4
What is the thousands digit of 990892723?
2
What is the millions digit of 204071953?
4
What is the tens digit of 554806430?
3
What is the ten millions digit of 402364548?
0
What is the hundreds digit of 3397147432?
4
What is the units digit of 304955998?
8
What is the tens digit of 619074012?
1
What is the hundred thousands digit of 70100630?
1
What is the units digit of 26540064?
4
What is the hundred thousands digit of 85159032?
1
What is the millions digit of 65016718?
5
What is the hundred thousands digit of 177722774?
7
What is the hundred thousands digit of 7556167166?
1
What is the hundreds digit of 2934606259?
2
What is the hundreds digit of 1854993271?
2
What is the millions digit of 516296571?
6
What is the hundred thousands digit of 54782991?
7
What is the hundred millions digit of 1897900489?
8
What is the hundreds digit of 5256147?
1
What is the millions digit of 130092122?
0
What is the hundreds digit of 571215221?
2
What is the units digit of 35862720?
0
What is the thousands digit of 54687223?
7
What is the ten thousands digit of 721740447?
4
What is the ten millions digit of 92376645?
9
What is the millions digit of 60280689?
0
What is the hundred thousands digit of 242569475?
5
What is the hundred thousands digit of 213902807?
9
What is the thousands digit of 3678516399?
6
What is the thousands digit of 20856955?
6
What is the millions digit of 178230023?
8
What is the units digit of 1126598335?
5
What is the millions digit of 265574628?
5
What is the hundreds digit of 50635903?
9
What is the hundred thousands digit of 679480257?
4
What is the billions digit of 1787098148?
1
What is the ten millions